t are the prime factors of y(1)?
3, 103
Suppose -5*q = -k + 2, 2*q - q - 4*k + 8 = 0. Suppose 0 = j - 2 - q. Suppose -j*t = -0*t - 14. List the prime factors of t.
7
Let m(o) = 26*o**3 + 7*o**2 - 3*o + 21. What are the prime factors of m(4)?
3, 5, 7, 17
Let f(j) be the first derivative of -j**3/3 + 6*j**2 + 31*j - 11. List the prime factors of f(9).
2, 29
Let u = 82 - 59. Let o be -10 + 15 - (-2 + 2). Suppose u = -4*c + o*c. List the prime factors of c.
23
What are the prime factors of 1 - ((-2)/(-16) + (-29348)/32)?
2, 3, 17
Let s = -38 - -36. What are the prime factors of (s/(-2) - -68)/1?
3, 23
Let p = 164 - -190. Suppose 5*v = 7*q - 3*q + p, -214 = -3*v + 2*q. What are the prime factors of v?
2, 37
List the prime factors of (-5040)/(-20)*(-6)/(-9).
2, 3, 7
Suppose c = 2*c - 2*s + 27, -3*c - 73 = 2*s. Let r = -7 - c. Suppose 2*f = -2 + r. What are the prime factors of f?
2
Let h = 77749 - 111530. What are the prime factors of (1 - 7/6) + h/(-222)?
2, 19
Let w(o) = o**3 - 12*o**2 + 2*o - 22. Let v be w(12). Suppose -3*u = -2*s - 410, -u - v*u + s + 415 = 0. List the prime factors of u.
2, 5, 7
Suppose 0 = 2*m - 7320 + 2394. List the prime factors of m.
3, 821
Let w(h) = 46*h + 58. What are the prime factors of w(11)?
2, 3, 47
List the prime factors of (-26)/143 + 972/22.
2, 11
Suppose x - 3677 = -6*b, 2*b - 294 = 3*x + 915. What are the prime factors of b?
2, 3, 17
Let w = 4413 + -938. What are the prime factors of w?
5, 139
Let v = 2 - -2. Suppose 0 = 2*o - 0*o - v. Suppose -o*q + 36 = -5*a, 5*q - 67 - 56 = -4*a. List the prime factors of q.
23
Suppose 3*r - 598 = 3*o + 3977, -r + 4*o + 1513 = 0. List the prime factors of r.
11, 139
Let r(y) = -y**2 + 7*y - 12. Let x be r(5). Let w(o) = -6*o**3 - 3*o**2 + o + 2. What are the prime factors of w(x)?
2, 3
Let w be ((-6)/9)/(2/(-9)). Suppose 5*t - w = 27. Suppose -l + 13 + t = 0. What are the prime factors of l?
19
Let h be (-6 - (-20)/5) + 1. List the prime factors of (-125 + h)*(-3)/6.
3, 7
Let p be -16 - -1*2 - 1. Let b = -78 - -119. Let m = b + p. List the prime factors of m.
2, 13
List the prime factors of ((-74)/(-4))/(((-9)/3)/(-36)).
2, 3, 37
Suppose 5 = 4*z - 5*f, 3*z - 3*f = -0*z + 6. Suppose 0 = z*h - 2*s - 372, -320 = -2*h - 2*h - 4*s. Let m = 147 - h. List the prime factors of m.
71
Let i(b) = 2*b**2 - 4*b + 2. Let c be i(2). Suppose -3*s + q + 119 = 2*q, 81 = c*s - q. What are the prime factors of s?
2, 5
Let v(l) = l**3 + 12*l**2 + 9*l - 12. Let w be v(-10). Let z = w + -79. List the prime factors of z.
19
Let b = -126 - -241. Suppose b = 3*f + 16. List the prime factors of f.
3, 11
Let a = -19 - -5. Let n(u) = -5*u - 62. List the prime factors of n(a).
2
Suppose 3*c - 1 = -2*w, -c - 23 = -4*w - 0*w. List the prime factors of 2/10 - (-249)/w.
2, 5
Suppose 0*u = -3*y + 4*u + 4494, -3*u - 7501 = -5*y. List the prime factors of y.
2, 751
Let c = 634 + -338. List the prime factors of c.
2, 37
Let u(v) = 13*v**2 - 12*v + 46. List the prime factors of u(5).
311
Suppose 21*i - 9805 = 9095. List the prime factors of i.
2, 3, 5
Let h(c) = -14*c. Let q(o) = 14*o + 1. Let b(p) = -6*h(p) - 5*q(p). Let x be b(2). Let f = 65 - x. List the prime factors of f.
2, 3, 7
Let a(o) = -o**3 - o**2 - o - 11. Let j be a(0). Let i = j + 54. What are the prime factors of i?
43
Suppose 5*r = 5*u + 1245, -2*u - 3*u + 5 = 0. What are the prime factors of r?
2, 5
What are the prime factors of (2 + 107)*(11/1)/1?
11, 109
What are the prime factors of -4*-326*(-4)/(-16)?
2, 163
Suppose v + 2*k - 9 = 0, -5*k + 31 = 3*v + 9. What are the prime factors of (v/2*2)/(4/(-656))?
2, 41
Let m(g) be the first derivative of -g**3/3 + 5*g**2 - 11*g + 9. What are the prime factors of m(7)?
2, 5
Suppose -5*j + 3*f = -10, j + 3*j - 8 = 4*f. Suppose 3*l + l - 8 = 0, n = -3*l - j. Let m(p) = p**3 + 9*p**2 + 7*p - 3. What are the prime factors of m(n)?
5
Let x(q) = 2*q**2 + 6*q - 4. Let s be 208/56 - 4/(-14). List the prime factors of x(s).
2, 13
Let o(g) = -44*g**2 + g + 3. Let a be o(2). List the prime factors of a*(35/(-15) + 2).
3, 19
Suppose 2*w + 2*u + 6 = 0, -2*w + 3*u = w + 3. Let j be w*(-4)/(5 - -3). What are the prime factors of (j + 2)*6/1?
2, 3
Suppose 2*i - 408 = i. List the prime factors of i.
2, 3, 17
Suppose -3*l + 1392 = 3*f, -3*f + 1079 + 315 = l. List the prime factors of f.
3, 5, 31
Suppose 5*q - 10 = 5*k, -k + 6 = 2*q + 2. What are the prime factors of (q + 59 + 0)*1?
61
Let l be (-4)/(-2) + -10 + 10. Suppose 0 = f - l. Suppose -2*c = 0, 18 = -f*q - 5*c + 112. List the prime factors of q.
47
Let g(k) = -2*k**3 + 50*k**2 - 7*k + 1. What are the prime factors of g(22)?
3, 7, 131
Suppose w = 2*a + 334 + 152, 486 = w - 4*a. Suppose c - 294 = -3*i - c, -2*c = 5*i - w. Let m = i + -49. What are the prime factors of m?
47
Let o(l) be the second derivative of l**4/3 - 11*l**3/6 + 11*l**2/2 + 11*l. What are the prime factors of o(5)?
2, 7
Suppose -5*u + 3*u - 4*a = -20, 5*a - 25 = -2*u. Suppose u = 5*m + 15, -2*m + 82 = k + m. List the prime factors of k.
7, 13
Suppose 3*n + 19*f - 1455 = 14*f, -f + 1467 = 3*n. What are the prime factors of n?
2, 5, 7
Let f(x) = x**2 - 5*x - 16. Let z be f(8). Let c be -1 + z/(-12)*3. Let g = 18 + c. What are the prime factors of g?
3, 5
Suppose 0 = -4*a + 4*l + 480 + 2732, 4*l - 803 = -a. What are the prime factors of a?
11, 73
Let r be (-9)/(-4) - (-4)/(-16). Let c(l) = 13*l**2 - 2*l - 2. Let k be c(r). Suppose -5*n + 104 + k = 0. What are the prime factors of n?
2, 3, 5
Let n = 21 - 21. Suppose 4*l - 16 = n, p + 2*l + 3 = 51. List the prime factors of p.
2, 5
Let r be (10/6)/(10/12). Suppose r*o = 6*o - 284. Suppose -4*z = 7 - o. What are the prime factors of z?
2
Let k(g) = -5 + 9 + g - 5*g. Let m = -16 - -7. What are the prime factors of k(m)?
2, 5
Let r = -1 - -10. Suppose x = -19 - r. What are the prime factors of (-1224)/x + 4/14?
2, 11
Suppose -5*k = -4*l - 131, -k + 0*k + 4*l + 39 = 0. Suppose -x = -k - 8. List the prime factors of x.
31
Suppose 4*j = -5*f + 51, f + 37 = 5*j - 63. List the prime factors of j + (6/(-1))/(-3).
3, 7
Suppose 8*k - 12*k + 728 = 0. What are the prime factors of k?
2, 7, 13
Suppose -3*c = -1155 + 195. What are the prime factors of c?
2, 5
Let v = 341 - -89. What are the prime factors of v?
2, 5, 43
Suppose -278*r + 37376 = -262*r. What are the prime factors of r?
2, 73
Suppose 2*q = -25 - 175. Let r = q + 177. What are the prime factors of r?
7, 11
Let u = -2407 - -4629. List the prime factors of u.
2, 11, 101
Let v be (-1653)/(-27) - (-4)/(-18). Let x = 160 - v. Suppose -16 = -5*g + x. What are the prime factors of g?
23
Let q(x) = 4*x - 11. Let v be q(6). Suppose 3*g + v = 28. Suppose -3*s + 76 = 5*b + 15, 79 = g*b - 3*s. List the prime factors of b.
2, 7
Suppose 52*k - 55*k = -1002. Suppose -5*b + 1485 = 5*y, -2*y - 3*b = -927 + k. What are the prime factors of y?
2, 149
What are the prime factors of 233390/70 - (-90)/105?
5, 23, 29
Suppose k - 2160 = -4*r, 3*r - 2*k + 3*k - 1621 = 0. What are the prime factors of r?
7, 11
Let x = 10 - 8. Suppose 0 = -3*k + x*k. Suppose k = -4*o - 24 + 156. What are the prime factors of o?
3, 11
Let s(r) be the second derivative of r**4/3 - 2*r**3/3 + 8*r**2 - 8*r. List the prime factors of s(7).
2, 23
Suppose -38 = 5*a - 4*a. List the prime factors of (a/(-4))/((-3)/(-18)).
3, 19
Suppose -5*s = -9 + 29. Let m(g) be the first derivative of -g**2 - 4*g - 55. What are the prime factors of m(s)?
2
Suppose -4606 = -18*o + 16*o. What are the prime factors of o?
7, 47
Let r be (-33)/55 - (-16)/10. Let j = r - -4. Suppose 0 = j*d - 50 - 70. List the prime factors of d.
2, 3
Let h(i) = -i**3 + 3*i**2 - i + 685. List the prime factors of h(0).
5, 137
Let d be (-24)/108 - (-76)/18. Let o = 6 - 4. Suppose -d*k = -54 + o. List the prime factors of k.
13
Let t(u) = -u + 7. Let q be t(0). Let z(k) = -9*k**2 - k**3 - 11*k + q - 7*k**2 + 7*k**2. List the prime factors of z(-8).
31
Let t(x) = -4*x + 32. Let z be t(8). Let y be ((-15)/6)/(1/(-2)). Suppose z*v = y*v - 70. What are the prime factors of v?
2, 7
Let j(v) be the second derivative of -1/20*v**5 + 9*v**2 + 0 - 1/6*v**3 - 4*v - 1/12*v**4. What are the prime factors of j(0)?
2, 3
Suppose 0 = -2*z + 3*b - 75, z - 3*z = 3*b + 45. List the prime factors of ((-12)/z)/(